 0 + 0. What is m(b)?
1
Let k(i) = 0*i + i + 1 + 11*i**2 + 0*i. Suppose -4133*j - 9 = -4124*j. What is k(j)?
11
Let d(z) = 4*z - 1. Let h(o) = 9*o - 3. Let c(p) = -7*d(p) + 3*h(p). Suppose -2*k = -4*a + 8, -3*a + 0*k + 6 = k. Suppose 0 = a*r + 4 + 6. Determine c(r).
3
Let k(i) be the second derivative of -i**5/20 + i**4/2 - i**2 + 66*i + 1. What is k(6)?
-2
Let v(i) = i**3 + 6*i**2 - 7*i - 1. Let t be 1/((-2)/(-24)*3). Suppose t*g = 4*b - 56, 4*b + 0*b + g - 56 = 0. Suppose -9*h + 35 = -b*h. Give v(h).
-1
Let l(s) be the first derivative of -s**3/3 + 3*s**2 - 4*s + 38. What is l(6)?
-4
Let z be 18/81 - 38/9. Let h(g) = -3*g + 4*g - 5*g + 7*g + 2 + g**2. What is h(z)?
6
Let g = -7 - -11. Let i(m) = -144*m + 10. Let o(f) = 31*f - 2. Let d(z) = -3*i(z) - 14*o(z). Calculate d(g).
-10
Let l(q) = -q**2 + 1003 + 1008 - 2010 - 5*q. Determine l(-3).
7
Let f(r) be the second derivative of r**3/6 - 11*r**2/2 - 126*r + 1. Give f(2).
-9
Suppose 0 = -11*a + 30 + 3. Let f(b) = b**3 - 5*b**2 + 4*b - 1. Determine f(a).
-7
Let c be -2 + 57 + -4 + 0. Let h = c - 54. Let n(l) = 7 - 3 - l + 5*l. What is n(h)?
-8
Suppose -3*n = 2*p - 22 - 0, 4*n + 2*p = 30. Let a(v) = -v**2 + 7*v + 8. Let s be a(n). Let c(z) = z**3 - z**2 + z + 4. What is c(s)?
4
Let r(i) = i**3 - 7*i**2 - 3*i + 23. Let s be r(7). Let v(f) = -10*f**s - 8*f + 4 - 3 + 8*f**2. Determine v(-6).
-23
Suppose p - 5*m + 8 = 0, 198 = m + 196. Let v(q) = -12*q**3 + q**2 + 2*q. What is v(p)?
-88
Let x(s) = 2*s + s**2 + 1 + 0 - 4*s. Let f(c) = 2*c**2 - 50*c + 50. Let n be f(24). Give x(n).
1
Let l be (((-8)/10)/(-2))/(24/660). Let q(n) be the third derivative of 0 - l*n**2 - 1/6*n**4 - 5/6*n**3 - 1/12*n**5 + 1/120*n**6 + 0*n. Calculate q(6).
7
Let d(g) = -g - 6*g - 1 - 3. Let c = -964 + 961. Give d(c).
17
Let l(b) = 3*b + 3*b + 2460 - 2447. Calculate l(-5).
-17
Suppose 0 = -9*m + 59 - 14. Suppose -m*f = -17 - 3. Let c(a) = 3*a - 3. Calculate c(f).
9
Let l(p) be the second derivative of -p**4/3 - p**2/2 + p - 89. Calculate l(1).
-5
Let m(u) = 38*u - 73. Let h be m(2). Let d(b) be the second derivative of -1/20*b**5 - 2*b + 5/2*b**2 + 1/2*b**h + 0 - 1/3*b**4. Determine d(-4).
-7
Let h(z) = z**3 - z**2 - z - 3. Suppose 0 = 5*y + 10 - 5. Suppose 0 = 3*p - 6. Let m be -4 + y + p + 3. Determine h(m).
-3
Let j(v) be the second derivative of v**4/24 - 7*v**3/3 + 28*v**2 + 2*v - 8. Let b(u) be the first derivative of j(u). What is b(10)?
-4
Let v = -153 - -153. Let o(w) = w**2 - w + 12. Give o(v).
12
Let x(a) = 1 - 7*a + 2 - 3*a + 4*a + 4*a. Let q(c) = -c**2 - 3*c + 3. Let l be q(-3). Suppose -l*t + 9 = -2*r - 2*r, 4*r - 4*t + 8 = 0. Determine x(r).
9
Let z(g) = -30 - g**2 + 37 - 5 - 7*g - 3. Give z(-6).
5
Let n(m) = 2*m - 5*m + m. What is n(1)?
-2
Let o be 28/(-3)*(-3)/(-2). Let i be o/(-4) - (-2)/(-4). Let w(s) = s**2 + 3*s + 62 + 58 - 119 - s**3. Give w(i).
-8
Let l(s) = 4*s**2 - 5*s**2 - 14*s + 9*s + 3*s + 2. Suppose 4*b + 6 + 6 = 0. Give l(b).
-1
Let t(x) = x**3 - x**2. Let v(j) = -4*j**2 - j. Let n be v(1). Let w be n*5/(-100) - 21/(-12). Give t(w).
4
Let n(o) = -o**3 + 6*o**2 - 7*o + 8. Suppose 55 = 3*x + 8*x. Let m be n(x). Let y(u) = u**3 + u**2 + 3*u + 2. Give y(m).
-8
Let j(x) = x**3 - 7*x**2 - x - 9. Let y = 12 + -5. Calculate j(y).
-16
Let q be -12 - -4 - ((-10 - 9) + 6). Let p(w) = -w**3 + 6*w**2 - 2*w - 8. Give p(q).
7
Let x(k) = -5*k**2 - 2*k + 10. Let q(p) = p**3 - 10*p**2 - 7. Let g be q(10). Let v(b) = -6*b**2 - b + 11. Let s(d) = g*x(d) + 6*v(d). Calculate s(7).
3
Let h(u) = -u**3 - u - 7. Let b = -548 - -548. Determine h(b).
-7
Let o(v) = -2 + 6 - 8 - v - 8. Let m be o(-12). Let n(q) = -q**3 + 4*q - 3*q + 1 - 6. What is n(m)?
-5
Suppose 5*d + h = 5, -5*h + 7*h = -5*d. Let f(u) be the second derivative of 2*u**3/3 + u**2 + 2*u. Calculate f(d).
10
Suppose 2*q + 8 = -d, 0*q - 13 = q - 4*d. Let l(v) be the second derivative of v**5/20 + 5*v**4/12 - v**3/2 - 3*v**2 - 8*v. Give l(q).
9
Let w(b) = b**3 + 7*b**2 - b - 4. Suppose 3*u = 9, 0 = 4*y + 2*u - 0*u - 30. Let c be ((-16)/y + 2/6)*3. Give w(c).
3
Let x = -52 + 56. Let i(z) = -509 + 503 - 5*z + x*z. What is i(-10)?
4
Let g = -9 - -2. Let i(b) be the third derivative of b**6/360 + b**5/15 + b**4/8 + 8*b**3/3 + 14*b**2. Let q(v) be the first derivative of i(v). Determine q(g).
-4
Let v(t) = 8*t + 15. Let a be (32 + -6)/(2/1). Let l(y) = 5. Let z(j) = 2*j - 14. Let b(g) = -7*l(g) - 2*z(g). Let i(s) = a*b(s) + 6*v(s). What is i(1)?
-5
Let l(z) = 89 - 180 + 98 - z**2 + z. Determine l(0).
7
Suppose 27 = -5*s - 2*p - 32, 0 = 3*s + 5*p + 24. Let j = s + 17. Suppose j = -3*c + 10. Let k(y) = 4*y + 1. What is k(c)?
9
Let s(m) be the third derivative of m**6/120 + 13*m**5/60 + m**4/2 - 2*m**3/3 + 11*m**2 + m. What is s(-12)?
-4
Suppose 5*b - 143 = -4*p, -3*b - 148 = -5*p + b. Suppose 3*q = 14 - p. Let l(m) be the first derivative of m**4/4 + 7*m**3/3 + 4*m**2 - 3*m - 2. What is l(q)?
-15
Let x be 2*-2 + (-2 + 8 - 7). Let l(n) = -n**2 - 3*n + 9. Determine l(x).
-1
Let a(j) = 9 - 93*j + 36*j + 30*j + 33*j - 15. Suppose -20 = 3*w - 8*w. Determine a(w).
18
Let v(d) = d**2 - 3*d - 4. Let a be v(4). Suppose -5*w + 0 + 10 = a. Let l(g) = -8*g + 2*g**2 + 0*g**w + 2*g. What is l(4)?
8
Let r(n) be the second derivative of -n**5/20 + n**4/6 + 4*n**3/3 - 7*n**2/2 + 455*n. Give r(4).
-7
Let m(r) = -7 - 7397*r + 3 + 7401*r. Give m(3).
8
Let o(x) = 6*x + 4*x + 2*x - 4*x. Suppose 4*z - 36 = 12. Let b = z + -11. Calculate o(b).
8
Suppose 3*b - x = 2, 0 = 3*x - 0 - 12. Suppose 9*g + b = 10*g. Let l(s) = -3*s - 5 - g*s**2 + 3*s**2 - s**3 - 5*s**2 + 9. What is l(-3)?
4
Suppose -2*r + 2 + 0 = 0. Let a = -1 + r. Suppose d = -a*d - 2. Let i(q) = -4*q - 1. Give i(d).
7
Suppose -6*b - 144 = 2*b. Let s be 136/6*b/(-12). Let r = s + -31. Let l(y) = -y**3 + 4*y**2 - 5*y + 2. Give l(r).
-4
Let q(u) be the second derivative of -2*u**4/3 - u. Let g(r) = -r**2 + 18*r - 18. Let a be g(17). What is q(a)?
-8
Let n(i) = -i - 1. Let v = 14 + -14. Let j be n(v). Let a be (j/2)/((-6)/60). Let p(s) = s**2 - 6*s - 5. Give p(a).
-10
Let v(t) = -4*t**3 + 13*t**2 - 4*t - 7. Let f(u) = 9*u**3 - 28*u**2 + 7*u + 15. Let s(h) = -3*f(h) - 7*v(h). Calculate s(6).
10
Let m(i) = -5*i - i**3 - 19*i - 11*i + 3 + 34*i + 10*i**2. Calculate m(10).
-7
Let u(h) = h**2 - 12*h + 9. Let n(i) = i**3 + 12*i**2 + 28*i - 5. Let k be n(-4). Determine u(k).
-2
Let x(s) = 2*s - 8. Let m be 12*-10*(-9)/180. What is x(m)?
4
Let y be 26/(-6) - (-1)/3. Let a(h) = 3*h + 6. Let r(b) be the second derivative of b**3 + 6*b**2 + b. Let u(p) = 5*a(p) - 2*r(p). Determine u(y).
-6
Let d(s) be the first derivative of s**4/4 + 8*s**3/3 - 7*s**2/2 + 373. Give d(-8).
56
Let w(c) = c**2 + 18*c + 11. Suppose 0 = 66*g + 390 + 732. Give w(g).
-6
Let w(k) = k**3 - 4*k**2 - 4*k + 3. Let c be ((-30)/(-18))/(7/21). What is w(c)?
8
Suppose -o = -10 - 0. Suppose 79*l - 77*l - o = 0. Let g(y) = y**2 - 5*y + 7. What is g(l)?
7
Let j(z) be the third derivative of -z**5/60 - z**3/6 + 28*z**2. Calculate j(-4).
-17
Suppose -5*c = y - 105, 5*c + 4*y - 44 = 61. Let h = c + -21. Let k(s) = -4*s**2 + 7 + 1 + 3*s**2. Determine k(h).
8
Let o(u) = -u**3 - 13*u**2 - 2*u - 31. Suppose 125*i + 182 = 111*i. Calculate o(i).
-5
Let v(j) = j + 12. Suppose 4*q = 21 - 1. Suppose -q = -5*y - 50. What is v(y)?
3
Let v(b) = b**2 - 15*b - 18. Let a be v(-17). Let u(s) = 6*s + 521 - a - s**2 + 2*s**2. Give u(-5).
-10
Let j be (-2)/(-15) + ((-2496)/(-180) - 16). Let h(g) = 1 + 3*g + 2*g + g. Calculate h(j).
-11
Let d(j) = -j + 9. Let q = 75 - 77. Let u be 4/(8/(-5))*q. What is d(u)?
4
Let k(f) = 4*f**3 + 3*f**2 - 2*f. Let t be k(1). Suppose -t*c + 3*m - 1 + 14 = 0, -3*c + 5*m = 5. Let v(p) = -p**3 + 6*p**2 - 6*p - 1. What is v(c)?
-6
Suppose -8*b = -30*b - 66. Let d = 1 - -1. Let v(g) = 2 + 2 - d*g + 3*g. Determine v(b).
1
Suppose 4*r + 4*q - 8 = 0, -5*r + 5*q + 1 = -9. Let z(u) = 0*u - 2 - 6*u + 6*u - u**3 + 3*u**r. Give z(-2).
18
Let j be (-8)/14 + 60/(-42). Let v be 1/j*1*-4. Let p(a) = 6*a - 8*a + a - v. What is p(-3)?
1
Suppose 0 = 2*i - 3*i + 2*p + 3, i - 7 = 4*p. Let w(x) = 4*x**3 - x**2 - x - 1. Calculate w(i).
-5
Let c(u) = u**2 - 4*u + 7. Let f be c(3). Let n(v) = v + 4. What is n(f)?
8
Suppose -7*x + 12*x = u + 16, -5*x = 3*u - 32. Let l(y) be the second derivative 